[INFO] cloning repository https://github.com/yeliknewo/souls
[INFO] running `Command { std: "git" "-c" "credential.helper=" "-c" "credential.helper=/workspace/cargo-home/bin/git-credential-null" "clone" "--bare" "https://github.com/yeliknewo/souls" "/workspace/cache/git-repos/https%3A%2F%2Fgithub.com%2Fyeliknewo%2Fsouls", kill_on_drop: false }`
[INFO] [stderr] Cloning into bare repository '/workspace/cache/git-repos/https%3A%2F%2Fgithub.com%2Fyeliknewo%2Fsouls'...
[INFO] running `Command { std: "git" "rev-parse" "HEAD", kill_on_drop: false }`
[INFO] [stdout] d6c0b8eb0b9222ceaa2cb21006c776ab47ae5206
[INFO] checking yeliknewo/souls against try#72f88fc4e9458f89516a0b8b0868f3718aec5b47 for pr-74989
[INFO] running `Command { std: "git" "clone" "/workspace/cache/git-repos/https%3A%2F%2Fgithub.com%2Fyeliknewo%2Fsouls" "/workspace/builds/worker-1/source", kill_on_drop: false }`
[INFO] [stderr] Cloning into '/workspace/builds/worker-1/source'...
[INFO] [stderr] done.
[INFO] validating manifest of git repo https://github.com/yeliknewo/souls on toolchain 72f88fc4e9458f89516a0b8b0868f3718aec5b47
[INFO] running `Command { std: "/workspace/cargo-home/bin/cargo" "+72f88fc4e9458f89516a0b8b0868f3718aec5b47" "read-manifest" "--manifest-path" "Cargo.toml", kill_on_drop: false }`
[INFO] started tweaking git repo https://github.com/yeliknewo/souls
[INFO] finished tweaking git repo https://github.com/yeliknewo/souls
[INFO] tweaked toml for git repo https://github.com/yeliknewo/souls written to /workspace/builds/worker-1/source/Cargo.toml
[INFO] crate git repo https://github.com/yeliknewo/souls already has a lockfile, it will not be regenerated
[INFO] running `Command { std: "/workspace/cargo-home/bin/cargo" "+72f88fc4e9458f89516a0b8b0868f3718aec5b47" "fetch" "--locked" "--manifest-path" "Cargo.toml", kill_on_drop: false }`
[INFO] [stderr] error: the lock file /workspace/builds/worker-1/source/Cargo.lock needs to be updated but --locked was passed to prevent this
[INFO] [stderr] If you want to try to generate the lock file without accessing the network, use the --offline flag.
[INFO] the lockfile is outdated, regenerating it
[INFO] running `Command { std: "/workspace/cargo-home/bin/cargo" "+72f88fc4e9458f89516a0b8b0868f3718aec5b47" "generate-lockfile" "--manifest-path" "Cargo.toml" "-Zno-index-update", kill_on_drop: false }`
[INFO] running `Command { std: "/workspace/cargo-home/bin/cargo" "+72f88fc4e9458f89516a0b8b0868f3718aec5b47" "fetch" "--locked" "--manifest-path" "Cargo.toml", kill_on_drop: false }`
[INFO] [stderr]     Blocking waiting for file lock on package cache
[INFO] [stderr]  Downloading crates ...
[INFO] [stderr]   Downloaded gfx_device_gl v0.8.2
[INFO] [stderr]   Downloaded draw_state v0.3.0
[INFO] [stderr]   Downloaded gfx_core v0.1.2
[INFO] [stderr]   Downloaded piston-texture v0.3.0
[INFO] [stderr]   Downloaded camera_controllers v0.11.0
[INFO] [stderr]   Downloaded quaternion v0.2.1
[INFO] [stderr]   Downloaded sdl2-sys v0.8.1
[INFO] [stderr]   Downloaded piston-gfx_texture v0.8.0
[INFO] [stderr]   Downloaded sdl2 v0.16.1
[INFO] [stderr]   Downloaded piston3d-gfx_voxel v0.7.0
[INFO] [stderr]   Downloaded pistoncore-window v0.15.0
[INFO] [stderr]   Downloaded pistoncore-input v0.8.1
[INFO] [stderr]   Downloaded array v0.0.1
[INFO] [stderr]   Downloaded gfx v0.9.1
[INFO] [stderr]   Downloaded fps_counter v0.2.0
[INFO] [stderr]   Downloaded pistoncore-sdl2_window v0.25.0
[INFO] [stderr]   Downloaded piston3d-cam v0.2.0
[INFO] running `Command { std: "docker" "create" "-v" "/var/lib/crater-agent-workspace/builds/worker-1/target:/opt/rustwide/target:rw,Z" "-v" "/var/lib/crater-agent-workspace/builds/worker-1/source:/opt/rustwide/workdir:ro,Z" "-v" "/var/lib/crater-agent-workspace/cargo-home:/opt/rustwide/cargo-home:ro,Z" "-v" "/var/lib/crater-agent-workspace/rustup-home:/opt/rustwide/rustup-home:ro,Z" "-e" "SOURCE_DIR=/opt/rustwide/workdir" "-e" "CARGO_TARGET_DIR=/opt/rustwide/target" "-e" "CARGO_HOME=/opt/rustwide/cargo-home" "-e" "RUSTUP_HOME=/opt/rustwide/rustup-home" "-w" "/opt/rustwide/workdir" "-m" "1610612736" "--user" "0:0" "--network" "none" "rustops/crates-build-env@sha256:d92eaeed33fa75130ca1ee6c8a01d1ffb62bac859dfdfb3450e3e5d1c0146529" "/opt/rustwide/cargo-home/bin/cargo" "+72f88fc4e9458f89516a0b8b0868f3718aec5b47" "metadata" "--no-deps" "--format-version=1", kill_on_drop: false }`
[INFO] [stdout] 7112dfb39756f5fe34ab77460204a17c585bffd4bcdedf0e9ad9528012efd8bb
[INFO] [stderr] WARNING: Your kernel does not support swap limit capabilities or the cgroup is not mounted. Memory limited without swap.
[INFO] running `Command { std: "docker" "start" "-a" "7112dfb39756f5fe34ab77460204a17c585bffd4bcdedf0e9ad9528012efd8bb", kill_on_drop: false }`
[INFO] running `Command { std: "docker" "inspect" "7112dfb39756f5fe34ab77460204a17c585bffd4bcdedf0e9ad9528012efd8bb", kill_on_drop: false }`
[INFO] running `Command { std: "docker" "rm" "-f" "7112dfb39756f5fe34ab77460204a17c585bffd4bcdedf0e9ad9528012efd8bb", kill_on_drop: false }`
[INFO] [stdout] 7112dfb39756f5fe34ab77460204a17c585bffd4bcdedf0e9ad9528012efd8bb
[INFO] running `Command { std: "docker" "create" "-v" "/var/lib/crater-agent-workspace/builds/worker-1/target:/opt/rustwide/target:rw,Z" "-v" "/var/lib/crater-agent-workspace/builds/worker-1/source:/opt/rustwide/workdir:ro,Z" "-v" "/var/lib/crater-agent-workspace/cargo-home:/opt/rustwide/cargo-home:ro,Z" "-v" "/var/lib/crater-agent-workspace/rustup-home:/opt/rustwide/rustup-home:ro,Z" "-e" "SOURCE_DIR=/opt/rustwide/workdir" "-e" "CARGO_TARGET_DIR=/opt/rustwide/target" "-e" "CARGO_INCREMENTAL=0" "-e" "RUST_BACKTRACE=full" "-e" "RUSTFLAGS=--cap-lints=forbid" "-e" "CARGO_HOME=/opt/rustwide/cargo-home" "-e" "RUSTUP_HOME=/opt/rustwide/rustup-home" "-w" "/opt/rustwide/workdir" "-m" "1610612736" "--user" "0:0" "--network" "none" "rustops/crates-build-env@sha256:d92eaeed33fa75130ca1ee6c8a01d1ffb62bac859dfdfb3450e3e5d1c0146529" "/opt/rustwide/cargo-home/bin/cargo" "+72f88fc4e9458f89516a0b8b0868f3718aec5b47" "check" "--frozen" "--all" "--all-targets" "--message-format=json", kill_on_drop: false }`
[INFO] [stderr] WARNING: Your kernel does not support swap limit capabilities or the cgroup is not mounted. Memory limited without swap.
[INFO] [stdout] c838fb70821c2c14e9457876847a77914d9e433f0027634e628b5f5370efd05a
[INFO] running `Command { std: "docker" "start" "-a" "c838fb70821c2c14e9457876847a77914d9e433f0027634e628b5f5370efd05a", kill_on_drop: false }`
[INFO] [stderr]     Blocking waiting for file lock on package cache
[INFO] [stderr]    Compiling autocfg v1.0.1
[INFO] [stderr]    Compiling libc v0.2.77
[INFO] [stderr]    Compiling log v0.4.11
[INFO] [stderr]     Checking rustc-serialize v0.3.24
[INFO] [stderr]     Checking bitflags v0.3.3
[INFO] [stderr]    Compiling cfg-if v0.1.10
[INFO] [stderr]     Checking piston-float v0.2.0
[INFO] [stderr]    Compiling khronos_api v1.0.1
[INFO] [stderr]    Compiling cc v1.0.59
[INFO] [stderr]    Compiling bitflags v0.9.1
[INFO] [stderr]     Checking shader_version v0.2.2
[INFO] [stderr]     Checking inflate v0.1.1
[INFO] [stderr]     Checking color_quant v1.0.1
[INFO] [stderr]     Checking bitflags v0.4.0
[INFO] [stderr]     Checking lzw v0.9.0
[INFO] [stderr]    Compiling sdl2-sys v0.8.1
[INFO] [stderr]     Checking byteorder v0.4.2
[INFO] [stderr]     Checking glob v0.2.11
[INFO] [stderr]     Checking piston-texture v0.3.0
[INFO] [stderr]     Checking lazy_static v0.1.16
[INFO] [stderr]     Checking array v0.0.1
[INFO] [stderr]    Compiling xml-rs v0.2.2
[INFO] [stderr]     Checking piston-viewport v0.2.0
[INFO] [stderr]     Checking draw_state v0.3.0
[INFO] [stderr]     Checking vecmath v0.2.0
[INFO] [stderr]    Compiling xml-rs v0.6.1
[INFO] [stderr]     Checking gif v0.7.0
[INFO] [stderr]    Compiling num-traits v0.2.12
[INFO] [stderr]    Compiling num-integer v0.1.43
[INFO] [stderr]    Compiling num-iter v0.1.41
[INFO] [stderr]     Checking quaternion v0.2.1
[INFO] [stderr]    Compiling log v0.3.9
[INFO] [stderr]     Checking piston3d-cam v0.2.0
[INFO] [stderr]     Checking gfx_core v0.1.2
[INFO] [stderr]    Compiling gl_generator v0.4.2
[INFO] [stderr]    Compiling gl_generator v0.5.5
[INFO] [stderr]    Compiling miniz-sys v0.1.12
[INFO] [stderr]     Checking rand v0.4.6
[INFO] [stderr]     Checking time v0.1.44
[INFO] [stderr]     Checking fps_counter v0.2.0
[INFO] [stderr]     Checking flate2 v0.2.20
[INFO] [stderr]     Checking num-traits v0.1.43
[INFO] [stderr]    Compiling gl v0.5.2
[INFO] [stderr]     Checking enum_primitive v0.1.1
[INFO] [stderr]     Checking rand v0.3.23
[INFO] [stderr]    Compiling gfx_gl v0.3.1
[INFO] [stderr]     Checking png v0.4.3
[INFO] [stderr]     Checking gfx v0.9.1
[INFO] [stderr]     Checking num-bigint v0.1.44
[INFO] [stderr]     Checking num-complex v0.1.43
[INFO] [stderr]     Checking pistoncore-input v0.8.1
[INFO] [stderr]     Checking pistoncore-input v0.9.0
[INFO] [stderr]     Checking pistoncore-window v0.15.0
[INFO] [stderr]     Checking camera_controllers v0.11.0
[INFO] [stderr]     Checking pistoncore-window v0.16.0
[INFO] [stderr]     Checking pistoncore-event_loop v0.19.0
[INFO] [stderr]     Checking num-rational v0.1.42
[INFO] [stderr]     Checking piston v0.19.0
[INFO] [stderr]     Checking num v0.1.42
[INFO] [stderr]     Checking image v0.6.1
[INFO] [stderr]     Checking sdl2 v0.16.1
[INFO] [stderr]     Checking piston-gfx_texture v0.8.0
[INFO] [stderr]     Checking piston3d-gfx_voxel v0.7.0
[INFO] [stderr]     Checking pistoncore-sdl2_window v0.25.0
[INFO] [stderr]     Checking gfx_device_gl v0.8.2
[INFO] [stderr]     Checking souls v0.1.0 (/opt/rustwide/workdir)
[INFO] [stdout] error: `$crate` may not be imported
[INFO] [stdout]    --> src/main.rs:148:1
[INFO] [stdout]     |
[INFO] [stdout] 148 | / gfx_pipeline!( pipe {
[INFO] [stdout] 149 | |     vbuf: gfx::VertexBuffer<Vertex> = (),
[INFO] [stdout] 150 | |     transform: gfx::Global<[[f32; 4]; 4]> = "u_projection",
[INFO] [stdout] 151 | |     view: gfx::Global<[[f32; 4]; 4]> = "u_view",
[INFO] [stdout] ...   |
[INFO] [stdout] 155 | |         gfx::preset::depth::LESS_EQUAL_WRITE,
[INFO] [stdout] 156 | | });
[INFO] [stdout]     | |___^
[INFO] [stdout]     |
[INFO] [stdout]     = note: this error originates in a macro (in Nightly builds, run with -Z macro-backtrace for more info)
[INFO] [stdout] 
[INFO] [stdout] 
[INFO] [stdout] warning: unused import: `PathBuf`
[INFO] [stdout]   --> src/main.rs:14:23
[INFO] [stdout]    |
[INFO] [stdout] 14 | use std::path::{Path, PathBuf};
[INFO] [stdout]    |                       ^^^^^^^
[INFO] [stdout]    |
[INFO] [stdout]    = note: `#[warn(unused_imports)]` on by default
[INFO] [stdout] 
[INFO] [stdout] 
[INFO] [stdout] warning: unused imports: `ImageSize`, `Texture`
[INFO] [stdout]   --> src/main.rs:20:40
[INFO] [stdout]    |
[INFO] [stdout] 20 | use gfx_voxel::texture::{AtlasBuilder, ImageSize, Texture};
[INFO] [stdout]    |                                        ^^^^^^^^^  ^^^^^^^
[INFO] [stdout] 
[INFO] [stdout] 
[INFO] [stdout] error: `$crate` may not be imported
[INFO] [stdout]    --> src/main.rs:148:1
[INFO] [stdout]     |
[INFO] [stdout] 148 | / gfx_pipeline!( pipe {
[INFO] [stdout] 149 | |     vbuf: gfx::VertexBuffer<Vertex> = (),
[INFO] [stdout] 150 | |     transform: gfx::Global<[[f32; 4]; 4]> = "u_projection",
[INFO] [stdout] 151 | |     view: gfx::Global<[[f32; 4]; 4]> = "u_view",
[INFO] [stdout] ...   |
[INFO] [stdout] 155 | |         gfx::preset::depth::LESS_EQUAL_WRITE,
[INFO] [stdout] 156 | | });
[INFO] [stdout]     | |___^
[INFO] [stdout]     |
[INFO] [stdout]     = note: this error originates in a macro (in Nightly builds, run with -Z macro-backtrace for more info)
[INFO] [stdout] 
[INFO] [stdout] 
[INFO] [stdout] warning: unused import: `OpenGL`
[INFO] [stdout]   --> src/main.rs:21:22
[INFO] [stdout]    |
[INFO] [stdout] 21 | use shader_version::{OpenGL};
[INFO] [stdout]    |                      ^^^^^^
[INFO] [stdout] 
[INFO] [stdout] 
[INFO] [stdout] warning: unused import: `piston::input::Button::Keyboard`
[INFO] [stdout]   --> src/main.rs:82:13
[INFO] [stdout]    |
[INFO] [stdout] 82 |         use piston::input::Button::Keyboard;
[INFO] [stdout]    |             ^^^^^^^^^^^^^^^^^^^^^^^^^^^^^^^
[INFO] [stdout] 
[INFO] [stdout] 
[INFO] [stdout] warning: unused imports: `Move`, `Press`
[INFO] [stdout]   --> src/main.rs:83:36
[INFO] [stdout]    |
[INFO] [stdout] 83 |         use piston::input::Input::{Move, Press};
[INFO] [stdout]    |                                    ^^^^  ^^^^^
[INFO] [stdout] 
[INFO] [stdout] 
[INFO] [stdout] warning: unused import: `Key`
[INFO] [stdout]   --> src/main.rs:84:39
[INFO] [stdout]    |
[INFO] [stdout] 84 |         use piston::input::keyboard::{Key};
[INFO] [stdout]    |                                       ^^^
[INFO] [stdout] 
[INFO] [stdout] 
[INFO] [stdout] warning: unused import: `MouseRelative`
[INFO] [stdout]   --> src/main.rs:85:37
[INFO] [stdout]    |
[INFO] [stdout] 85 |         use piston::input::Motion::{MouseRelative};
[INFO] [stdout]    |                                     ^^^^^^^^^^^^^
[INFO] [stdout] 
[INFO] [stdout] 
[INFO] [stdout] warning: use of deprecated function `std::mem::uninitialized`: use `mem::MaybeUninit` instead
[INFO] [stdout]    --> src/main.rs:158:1
[INFO] [stdout]     |
[INFO] [stdout] 158 | / gfx_vertex_struct!( Vertex {
[INFO] [stdout] 159 | |     xyz: [f32; 3] = "at_position",
[INFO] [stdout] 160 | |     uv: [f32; 2] = "at_tex_coord",
[INFO] [stdout] 161 | |     rgb: [f32; 3] = "at_color",
[INFO] [stdout] 162 | | });
[INFO] [stdout]     | |___^
[INFO] [stdout]     |
[INFO] [stdout]     = note: `#[warn(deprecated)]` on by default
[INFO] [stdout]     = note: this warning originates in a macro (in Nightly builds, run with -Z macro-backtrace for more info)
[INFO] [stdout] 
[INFO] [stdout] 
[INFO] [stdout] warning: unused import: `PathBuf`
[INFO] [stdout]   --> src/main.rs:14:23
[INFO] [stdout]    |
[INFO] [stdout] 14 | use std::path::{Path, PathBuf};
[INFO] [stdout]    |                       ^^^^^^^
[INFO] [stdout]    |
[INFO] [stdout]    = note: `#[warn(unused_imports)]` on by default
[INFO] [stdout] 
[INFO] [stdout] 
[INFO] [stdout] warning: unused imports: `ImageSize`, `Texture`
[INFO] [stdout]   --> src/main.rs:20:40
[INFO] [stdout]    |
[INFO] [stdout] 20 | use gfx_voxel::texture::{AtlasBuilder, ImageSize, Texture};
[INFO] [stdout]    |                                        ^^^^^^^^^  ^^^^^^^
[INFO] [stdout] 
[INFO] [stdout] 
[INFO] [stdout] warning: unused import: `OpenGL`
[INFO] [stdout]   --> src/main.rs:21:22
[INFO] [stdout]    |
[INFO] [stdout] 21 | use shader_version::{OpenGL};
[INFO] [stdout]    |                      ^^^^^^
[INFO] [stdout] 
[INFO] [stdout] 
[INFO] [stdout] warning: unused import: `piston::input::Button::Keyboard`
[INFO] [stdout]   --> src/main.rs:82:13
[INFO] [stdout]    |
[INFO] [stdout] 82 |         use piston::input::Button::Keyboard;
[INFO] [stdout]    |             ^^^^^^^^^^^^^^^^^^^^^^^^^^^^^^^
[INFO] [stdout] 
[INFO] [stdout] 
[INFO] [stdout] warning: unused imports: `Move`, `Press`
[INFO] [stdout]   --> src/main.rs:83:36
[INFO] [stdout]    |
[INFO] [stdout] 83 |         use piston::input::Input::{Move, Press};
[INFO] [stdout]    |                                    ^^^^  ^^^^^
[INFO] [stdout] 
[INFO] [stdout] 
[INFO] [stdout] warning: unused import: `Key`
[INFO] [stdout]   --> src/main.rs:84:39
[INFO] [stdout]    |
[INFO] [stdout] 84 |         use piston::input::keyboard::{Key};
[INFO] [stdout]    |                                       ^^^
[INFO] [stdout] 
[INFO] [stdout] 
[INFO] [stdout] warning: unused import: `MouseRelative`
[INFO] [stdout]   --> src/main.rs:85:37
[INFO] [stdout]    |
[INFO] [stdout] 85 |         use piston::input::Motion::{MouseRelative};
[INFO] [stdout]    |                                     ^^^^^^^^^^^^^
[INFO] [stdout] 
[INFO] [stdout] 
[INFO] [stdout] warning: use of deprecated function `std::mem::uninitialized`: use `mem::MaybeUninit` instead
[INFO] [stdout]    --> src/main.rs:158:1
[INFO] [stdout]     |
[INFO] [stdout] 158 | / gfx_vertex_struct!( Vertex {
[INFO] [stdout] 159 | |     xyz: [f32; 3] = "at_position",
[INFO] [stdout] 160 | |     uv: [f32; 2] = "at_tex_coord",
[INFO] [stdout] 161 | |     rgb: [f32; 3] = "at_color",
[INFO] [stdout] 162 | | });
[INFO] [stdout]     | |___^
[INFO] [stdout]     |
[INFO] [stdout]     = note: `#[warn(deprecated)]` on by default
[INFO] [stdout]     = note: this warning originates in a macro (in Nightly builds, run with -Z macro-backtrace for more info)
[INFO] [stdout] 
[INFO] [stdout] 
[INFO] [stdout] error[E0277]: the trait bound `Sdl2Window: BuildFromWindowSettings` is not satisfied
[INFO] [stdout]   --> src/main.rs:31:6
[INFO] [stdout]    |
[INFO] [stdout] 31 |     .build()
[INFO] [stdout]    |      ^^^^^ the trait `BuildFromWindowSettings` is not implemented for `Sdl2Window`
[INFO] [stdout] 
[INFO] [stdout] 
[INFO] [stdout] error[E0599]: no method named `get_proc_address` found for struct `Sdl2Window` in the current scope
[INFO] [stdout]   --> src/main.rs:35:16
[INFO] [stdout]    |
[INFO] [stdout] 35 |         window.get_proc_address(s) as *const _
[INFO] [stdout]    |                ^^^^^^^^^^^^^^^^ method not found in `Sdl2Window`
[INFO] [stdout]    |
[INFO] [stdout]    = help: items from traits can only be used if the trait is in scope
[INFO] [stdout] help: the following trait is implemented but not in scope; perhaps add a `use` for it:
[INFO] [stdout]    |
[INFO] [stdout] 13 | use window::OpenGLWindow;
[INFO] [stdout]    |
[INFO] [stdout] 
[INFO] [stdout] 
[INFO] [stdout] error[E0599]: no method named `size` found for struct `Sdl2Window` in the current scope
[INFO] [stdout]   --> src/main.rs:38:44
[INFO] [stdout]    |
[INFO] [stdout] 38 |     let Size {width: w, height:h} = window.size();
[INFO] [stdout]    |                                            ^^^^ private field, not a method
[INFO] [stdout]    |
[INFO] [stdout]    = help: items from traits can only be used if the trait is in scope
[INFO] [stdout] help: the following trait is implemented but not in scope; perhaps add a `use` for it:
[INFO] [stdout]    |
[INFO] [stdout] 13 | use window::Window;
[INFO] [stdout]    |
[INFO] [stdout] 
[INFO] [stdout] 
[INFO] [stdout] error[E0599]: no method named `size` found for struct `Sdl2Window` in the current scope
[INFO] [stdout]   --> src/main.rs:61:53
[INFO] [stdout]    |
[INFO] [stdout] 61 |             let Size {width: w, height: h} = window.size();
[INFO] [stdout]    |                                                     ^^^^ private field, not a method
[INFO] [stdout]    |
[INFO] [stdout]    = help: items from traits can only be used if the trait is in scope
[INFO] [stdout] help: the following trait is implemented but not in scope; perhaps add a `use` for it:
[INFO] [stdout]    |
[INFO] [stdout] 13 | use window::Window;
[INFO] [stdout]    |
[INFO] [stdout] 
[INFO] [stdout] 
[INFO] [stdout] error[E0277]: the trait bound `Sdl2Window: BuildFromWindowSettings` is not satisfied
[INFO] [stdout]   --> src/main.rs:31:6
[INFO] [stdout]    |
[INFO] [stdout] 31 |     .build()
[INFO] [stdout]    |      ^^^^^ the trait `BuildFromWindowSettings` is not implemented for `Sdl2Window`
[INFO] [stdout] 
[INFO] [stdout] 
[INFO] [stdout] error[E0599]: no method named `get_proc_address` found for struct `Sdl2Window` in the current scope
[INFO] [stdout]   --> src/main.rs:35:16
[INFO] [stdout]    |
[INFO] [stdout] 35 |         window.get_proc_address(s) as *const _
[INFO] [stdout]    |                ^^^^^^^^^^^^^^^^ method not found in `Sdl2Window`
[INFO] [stdout]    |
[INFO] [stdout]    = help: items from traits can only be used if the trait is in scope
[INFO] [stdout] help: the following trait is implemented but not in scope; perhaps add a `use` for it:
[INFO] [stdout]    |
[INFO] [stdout] 13 | use window::OpenGLWindow;
[INFO] [stdout]    |
[INFO] [stdout] 
[INFO] [stdout] 
[INFO] [stdout] error[E0599]: no method named `size` found for struct `Sdl2Window` in the current scope
[INFO] [stdout]   --> src/main.rs:38:44
[INFO] [stdout]    |
[INFO] [stdout] 38 |     let Size {width: w, height:h} = window.size();
[INFO] [stdout]    |                                            ^^^^ private field, not a method
[INFO] [stdout]    |
[INFO] [stdout]    = help: items from traits can only be used if the trait is in scope
[INFO] [stdout] help: the following trait is implemented but not in scope; perhaps add a `use` for it:
[INFO] [stdout]    |
[INFO] [stdout] 13 | use window::Window;
[INFO] [stdout]    |
[INFO] [stdout] 
[INFO] [stdout] 
[INFO] [stdout] error[E0599]: no method named `events` found for struct `Sdl2Window` in the current scope
[INFO] [stdout]   --> src/main.rs:79:29
[INFO] [stdout]    |
[INFO] [stdout] 79 |     let mut events = window.events().ups(120).max_fps(10_000);
[INFO] [stdout]    |                             ^^^^^^ method not found in `Sdl2Window`
[INFO] [stdout]    | 
[INFO] [stdout]   ::: /opt/rustwide/cargo-home/registry/src/github.com-1ecc6299db9ec823/pistoncore-sdl2_window-0.25.0/src/lib.rs:41:1
[INFO] [stdout]    |
[INFO] [stdout] 41 | pub struct Sdl2Window {
[INFO] [stdout]    | ---------------------
[INFO] [stdout]    | |
[INFO] [stdout]    | doesn't satisfy `Sdl2Window: Events`
[INFO] [stdout]    | doesn't satisfy `Sdl2Window: Window`
[INFO] [stdout]    |
[INFO] [stdout]    = note: the method `events` exists but the following trait bounds were not satisfied:
[INFO] [stdout]            `Sdl2Window: Window`
[INFO] [stdout]            which is required by `Sdl2Window: Events`
[INFO] [stdout] 
[INFO] [stdout] 
[INFO] [stdout] error[E0599]: no method named `size` found for struct `Sdl2Window` in the current scope
[INFO] [stdout]   --> src/main.rs:61:53
[INFO] [stdout]    |
[INFO] [stdout] 61 |             let Size {width: w, height: h} = window.size();
[INFO] [stdout]    |                                                     ^^^^ private field, not a method
[INFO] [stdout]    |
[INFO] [stdout]    = help: items from traits can only be used if the trait is in scope
[INFO] [stdout] help: the following trait is implemented but not in scope; perhaps add a `use` for it:
[INFO] [stdout]    |
[INFO] [stdout] 13 | use window::Window;
[INFO] [stdout]    |
[INFO] [stdout] 
[INFO] [stdout] 
[INFO] [stdout] error[E0599]: no method named `set_title` found for struct `Sdl2Window` in the current scope
[INFO] [stdout]    --> src/main.rs:105:24
[INFO] [stdout]     |
[INFO] [stdout] 105 |                 window.set_title(title);
[INFO] [stdout]     |                        ^^^^^^^^^ method not found in `Sdl2Window`
[INFO] [stdout]     |
[INFO] [stdout]     = help: items from traits can only be used if the trait is in scope
[INFO] [stdout] help: the following trait is implemented but not in scope; perhaps add a `use` for it:
[INFO] [stdout]     |
[INFO] [stdout] 13  | use window::AdvancedWindow;
[INFO] [stdout]     |
[INFO] [stdout] 
[INFO] [stdout] 
[INFO] [stdout] error[E0277]: the trait bound `Event<_>: input::generic_event::GenericEvent` is not satisfied
[INFO] [stdout]    --> src/main.rs:116:28
[INFO] [stdout]     |
[INFO] [stdout] 116 |         first_person.event(&e);
[INFO] [stdout]     |                            ^^ the trait `input::generic_event::GenericEvent` is not implemented for `Event<_>`
[INFO] [stdout] 
[INFO] [stdout] 
[INFO] [stdout] error[E0599]: no method named `events` found for struct `Sdl2Window` in the current scope
[INFO] [stdout]   --> src/main.rs:79:29
[INFO] [stdout]    |
[INFO] [stdout] 79 |     let mut events = window.events().ups(120).max_fps(10_000);
[INFO] [stdout]    |                             ^^^^^^ method not found in `Sdl2Window`
[INFO] [stdout]    | 
[INFO] [stdout]   ::: /opt/rustwide/cargo-home/registry/src/github.com-1ecc6299db9ec823/pistoncore-sdl2_window-0.25.0/src/lib.rs:41:1
[INFO] [stdout]    |
[INFO] [stdout] 41 | pub struct Sdl2Window {
[INFO] [stdout]    | ---------------------
[INFO] [stdout]    | |
[INFO] [stdout]    | doesn't satisfy `Sdl2Window: Events`
[INFO] [stdout]    | doesn't satisfy `Sdl2Window: Window`
[INFO] [stdout]    |
[INFO] [stdout]    = note: the method `events` exists but the following trait bounds were not satisfied:
[INFO] [stdout]            `Sdl2Window: Window`
[INFO] [stdout]            which is required by `Sdl2Window: Events`
[INFO] [stdout] 
[INFO] [stdout] 
[INFO] [stdout] error[E0599]: no method named `set_title` found for struct `Sdl2Window` in the current scope
[INFO] [stdout]    --> src/main.rs:105:24
[INFO] [stdout]     |
[INFO] [stdout] 105 |                 window.set_title(title);
[INFO] [stdout]     |                        ^^^^^^^^^ method not found in `Sdl2Window`
[INFO] [stdout]     |
[INFO] [stdout]     = help: items from traits can only be used if the trait is in scope
[INFO] [stdout] help: the following trait is implemented but not in scope; perhaps add a `use` for it:
[INFO] [stdout]     |
[INFO] [stdout] 13  | use window::AdvancedWindow;
[INFO] [stdout]     |
[INFO] [stdout] 
[INFO] [stdout] 
[INFO] [stdout] error[E0277]: the trait bound `Event<_>: input::generic_event::GenericEvent` is not satisfied
[INFO] [stdout]    --> src/main.rs:116:28
[INFO] [stdout]     |
[INFO] [stdout] 116 |         first_person.event(&e);
[INFO] [stdout]     |                            ^^ the trait `input::generic_event::GenericEvent` is not implemented for `Event<_>`
[INFO] [stdout] 
[INFO] [stdout] 
[INFO] [stdout] warning: unused import: `Events`
[INFO] [stdout]   --> src/main.rs:16:26
[INFO] [stdout]    |
[INFO] [stdout] 16 | use piston::event_loop::{Events, EventLoop};
[INFO] [stdout]    |                          ^^^^^^
[INFO] [stdout] 
[INFO] [stdout] 
[INFO] [stdout] warning: unused import: `EventLoop`
[INFO] [stdout]   --> src/main.rs:16:34
[INFO] [stdout]    |
[INFO] [stdout] 16 | use piston::event_loop::{Events, EventLoop};
[INFO] [stdout]    |                                  ^^^^^^^^^
[INFO] [stdout] 
[INFO] [stdout] 
[INFO] [stdout] warning: unused import: `Window`
[INFO] [stdout]   --> src/main.rs:17:28
[INFO] [stdout]    |
[INFO] [stdout] 17 | use piston::window::{Size, Window, AdvancedWindow, OpenGLWindow, WindowSettings};
[INFO] [stdout]    |                            ^^^^^^
[INFO] [stdout] 
[INFO] [stdout] 
[INFO] [stdout] warning: unused import: `AdvancedWindow`
[INFO] [stdout]   --> src/main.rs:17:36
[INFO] [stdout]    |
[INFO] [stdout] 17 | use piston::window::{Size, Window, AdvancedWindow, OpenGLWindow, WindowSettings};
[INFO] [stdout]    |                                    ^^^^^^^^^^^^^^
[INFO] [stdout] 
[INFO] [stdout] 
[INFO] [stdout] warning: unused import: `OpenGLWindow`
[INFO] [stdout]   --> src/main.rs:17:52
[INFO] [stdout]    |
[INFO] [stdout] 17 | use piston::window::{Size, Window, AdvancedWindow, OpenGLWindow, WindowSettings};
[INFO] [stdout]    |                                                    ^^^^^^^^^^^^
[INFO] [stdout] 
[INFO] [stdout] 
[INFO] [stdout] error: aborting due to 8 previous errors; 13 warnings emitted
[INFO] [stdout] 
[INFO] [stdout] 
[INFO] [stdout] Some errors have detailed explanations: E0277, E0599.
[INFO] [stdout] 
[INFO] [stdout] For more information about an error, try `rustc --explain E0277`.
[INFO] [stdout] 
[INFO] [stderr] error: could not compile `souls`.
[INFO] [stderr] 
[INFO] [stderr] To learn more, run the command again with --verbose.
[INFO] [stderr] warning: build failed, waiting for other jobs to finish...
[INFO] [stdout] warning: unused import: `Events`
[INFO] [stdout]   --> src/main.rs:16:26
[INFO] [stdout]    |
[INFO] [stdout] 16 | use piston::event_loop::{Events, EventLoop};
[INFO] [stdout]    |                          ^^^^^^
[INFO] [stdout] 
[INFO] [stdout] 
[INFO] [stdout] warning: unused import: `EventLoop`
[INFO] [stdout]   --> src/main.rs:16:34
[INFO] [stdout]    |
[INFO] [stdout] 16 | use piston::event_loop::{Events, EventLoop};
[INFO] [stdout]    |                                  ^^^^^^^^^
[INFO] [stdout] 
[INFO] [stdout] 
[INFO] [stdout] warning: unused import: `Window`
[INFO] [stdout]   --> src/main.rs:17:28
[INFO] [stdout]    |
[INFO] [stdout] 17 | use piston::window::{Size, Window, AdvancedWindow, OpenGLWindow, WindowSettings};
[INFO] [stdout]    |                            ^^^^^^
[INFO] [stdout] 
[INFO] [stdout] 
[INFO] [stdout] warning: unused import: `AdvancedWindow`
[INFO] [stdout]   --> src/main.rs:17:36
[INFO] [stdout]    |
[INFO] [stdout] 17 | use piston::window::{Size, Window, AdvancedWindow, OpenGLWindow, WindowSettings};
[INFO] [stdout]    |                                    ^^^^^^^^^^^^^^
[INFO] [stdout] 
[INFO] [stdout] 
[INFO] [stdout] warning: unused import: `OpenGLWindow`
[INFO] [stdout]   --> src/main.rs:17:52
[INFO] [stdout]    |
[INFO] [stdout] 17 | use piston::window::{Size, Window, AdvancedWindow, OpenGLWindow, WindowSettings};
[INFO] [stdout]    |                                                    ^^^^^^^^^^^^
[INFO] [stdout] 
[INFO] [stdout] 
[INFO] [stdout] error: aborting due to 8 previous errors; 13 warnings emitted
[INFO] [stdout] 
[INFO] [stdout] 
[INFO] [stdout] Some errors have detailed explanations: E0277, E0599.
[INFO] [stdout] 
[INFO] [stdout] For more information about an error, try `rustc --explain E0277`.
[INFO] [stdout] 
[INFO] [stderr] error: build failed
[INFO] running `Command { std: "docker" "inspect" "c838fb70821c2c14e9457876847a77914d9e433f0027634e628b5f5370efd05a", kill_on_drop: false }`
[INFO] running `Command { std: "docker" "rm" "-f" "c838fb70821c2c14e9457876847a77914d9e433f0027634e628b5f5370efd05a", kill_on_drop: false }`
[INFO] [stdout] c838fb70821c2c14e9457876847a77914d9e433f0027634e628b5f5370efd05a
